hat is the tens digit of 52?
5
What is the units digit of 6098?
8
What is the tens digit of 1707?
0
What is the ten thousands digit of 112301?
1
What is the units digit of 17258?
8
What is the units digit of 1147?
7
What is the units digit of 15719?
9
What is the hundreds digit of 1780?
7
What is the hundreds digit of 16487?
4
What is the ten thousands digit of 25841?
2
What is the thousands digit of 70486?
0
What is the thousands digit of 8147?
8
What is the tens digit of 5097?
9
What is the tens digit of 37263?
6
What is the tens digit of 25493?
9
What is the hundreds digit of 463?
4
What is the thousands digit of 11516?
1
What is the units digit of 16002?
2
What is the tens digit of 4560?
6
What is the tens digit of 10393?
9
What is the hundreds digit of 28403?
4
What is the thousands digit of 21968?
1
What is the tens digit of 694?
9
What is the hundreds digit of 6139?
1
What is the hundreds digit of 760?
7
What is the units digit of 784?
4
What is the units digit of 10?
0
What is the ten thousands digit of 39485?
3
What is the units digit of 1229?
9
What is the thousands digit of 98098?
8
What is the hundreds digit of 2452?
4
What is the hundreds digit of 749?
7
What is the hundreds digit of 686?
6
What is the thousands digit of 11062?
1
What is the units digit of 2895?
5
What is the hundreds digit of 1002?
0
What is the tens digit of 541?
4
What is the units digit of 10372?
2
What is the units digit of 792?
2
What is the hundred thousands digit of 186077?
1
What is the thousands digit of 43138?
3
What is the units digit of 39275?
5
What is the tens digit of 551?
5
What is the ten thousands digit of 50628?
5
What is the tens digit of 8447?
4
What is the hundreds digit of 921?
9
What is the units digit of 2400?
0
What is the units digit of 37275?
5
What is the tens digit of 34635?
3
What is the thousands digit of 15796?
5
What is the units digit of 2104?
4
What is the thousands digit of 27530?
7
What is the tens digit of 53443?
4
What is the tens digit of 89611?
1
What is the hundreds digit of 49175?
1
What is the tens digit of 7623?
2
What is the thousands digit of 5005?
5
What is the hundreds digit of 9529?
5
What is the hundreds digit of 9860?
8
What is the thousands digit of 5098?
5
What is the hundreds digit of 7055?
0
What is the tens digit of 991?
9
What is the units digit of 11921?
1
What is the thousands digit of 49771?
9
What is the ten thousands digit of 13329?
1
What is the hundreds digit of 345?
3
What is the hundreds digit of 5778?
7
What is the tens digit of 574?
7
What is the units digit of 2738?
8
What is the hundreds digit of 29944?
9
What is the units digit of 395?
5
What is the thousands digit of 23816?
3
What is the hundreds digit of 14974?
9
What is the hundreds digit of 13581?
5
What is the units digit of 6?
6
What is the hundreds digit of 4454?
4
What is the hundred thousands digit of 134719?
1
What is the units digit of 35698?
8
What is the tens digit of 5680?
8
What is the ten thousands digit of 18975?
1
What is the ten thousands digit of 13202?
1
What is the hundreds digit of 462?
4
What is the ten thousands digit of 15504?
1
What is the thousands digit of 85950?
5
What is the units digit of 90370?
0
What is the tens digit of 431?
3
What is the tens digit of 5346?
4
What is the hundreds digit of 10541?
5
What is the thousands digit of 37613?
7
What is the hundreds digit of 8811?
8
What is the units digit of 97336?
6
What is the hundred thousands digit of 124646?
1
What is the hundreds digit of 61853?
8
What is the units digit of 422?
2
What is the hundreds digit of 1553?
5
What is the units digit of 694?
4
What is the ten thousands digit of 14668?
1
What is the hundreds digit of 19127?
1
What is the hundreds digit of 936?
9
What is the tens digit of 3129?
2
What is the units digit of 481?
1
What is the units digit of 837?
7
What is the tens digit of 11988?
8
What is the hundreds digit of 1031?
0
What is the thousands digit of 1704?
1
What is the thousands digit of 16056?
6
What is the hundreds digit of 983?
9
What is the units digit of 973?
3
What is the tens digit of 1024?
2
What is the hundreds digit of 141970?
9
What is the units digit of 2805?
5
What is the units digit of 6744?
4
What is the units digit of 14692?
2
What is the units digit of 7118?
8
What is the units digit of 343?
3
What is the tens digit of 41880?
8
What is the tens digit of 4394?
9
What is the thousands digit of 3343?
3
What is the tens digit of 5982?
8
What is the units digit of 2719?
9
What is the tens digit of 59759?
5
What is the ten thousands digit of 11857?
1
What is the hundreds digit of 9293?
2
What is the ten thousands digit of 11036?
1
What is the units digit of 6731?
1
What is the units digit of 2212?
2
What is the thousands digit of 4374?
4
What is the tens digit of 1326?
2
What is the tens digit of 493?
9
What is the tens digit of 68457?
5
What is the units digit of 56679?
9
What is the units digit of 44036?
6
What is the thousands digit of 39852?
9
What is the tens digit of 128?
2
What is the units digit of 22074?
4
What is the tens digit of 821?
2
What is the thousands digit of 117792?
7
What is the hundreds digit of 934?
9
What is the hundreds digit of 77166?
1
What is the ten thousands digit of 21039?
2
What is the hundreds digit of 37489?
4
What is the thousands digit of 22291?
2
What is the tens digit of 12657?
5
What is the units digit of 2067?
7
What is the hundreds digit of 731?
7
What is the units digit of 30240?
0
What is the units digit of 25410?
0
What is the thousands digit of 1834?
1
What is the units digit of 1842?
2
What is the thousands digit of 34885?
4
What is the ten thousands digit of 37468?
3
What is the units digit of 1367?
7
What is the tens digit of 56151?
5
What is the tens digit of 11867?
6
What is the units digit of 2187?
7
What is the hundreds digit of 3638?
6
What is the units digit of 185?
5
What is the hundreds digit of 120786?
7
What is the units digit of 2682?
2
What is the tens digit of 141909?
0
What is the hundreds digit of 394?
3
What is the units digit of 41945?
5
What is the hundreds digit of 279?
2
What is the tens digit of 1386?
8
What is the hundreds digit of 753?
7
What is the hundreds digit of 8016?
0
What is the tens digit of 51578?
7
What is the thousands digit of 6312?
6
What is the tens digit of 1140?
4
What is the units digit of 5940?
0
What is the ten thousands digit of 80275?
8
What is the thousands digit of 1108?
1
What is the tens digit of 2312?
1
What is the tens digit of 3676?
7
What is the hundreds digit of 3903?
9
What is the tens digit of 82574?
7
What is the units digit of 4343?
3
What is the hundreds digit of 18250?
2
What is the units digit of 39577?
7
What is the units digit of 2350?
0
What is the thousands digit of 1004?
1
What is the thousands digit of 1539?
1
What is the units digit of 1359?
9
What is the hundreds digit of 14235?
2
What is the thousands digit of 10913?
0
What is the units digit of 5707?
7
What is the ten thousands digit of 25114?
2
What is the hundreds digit of 6300?
3
What is the hundreds digit of 462?
4
What is the units digit of 4600?
0
What is the tens digit of 8892?
9
What is the units digit of 687?
7
What is the thousands digit of 31231?
1
What is the tens digit of 2013?
1
What is the units digit of 38972?
2
What is the tens digit of 589?
8
What is the tens digit of 3974?
7
What is the tens digit of 5010?
1
What is the tens digit of 5856?
5
What is the thousands digit of 4962?
4
What is the hundreds digit of 2189?
1
What is the thousands digit of 6502?
6
What is the thousands digit of 96240?
6
What is the thousands digit of 18232?
8
What is the units digit of 2307?
7
What is the thousands digit of 6933?
6
What is the units digit of 60?
0
What is the tens digit of 11927?
2
What is the thousands digit of 30672?
0
What is the hundreds digit of 4433?
4
What is the tens digit of 2328?
2
What is the units digit of 225?
5
What is the units digit of 22280?
0
What is the tens digit of 2547?
4
What is the hundreds digit of 52513?
5
What is the thousands digit of 2515?
2
What is the tens digit of 241?
4
What is the hundreds digit of 12356?
3
What is the tens digit of 2125?
2
What is the units digit of 817?
7
What is the thousands digit of 3018?
